{"id":6981,"date":"2025-10-31T11:13:39","date_gmt":"2025-10-31T10:13:39","guid":{"rendered":"https:\/\/fundacionodsaccio.org\/els-participants-del-consorci-del-projecte-innovador-hybritec-entre-ells-la-fundacio-ods-accio-reben-el-prestigios-segell-step-concedit-per-la-comissio-europea\/"},"modified":"2026-09-02T17:48:51","modified_gmt":"2026-09-02T15:48:51","slug":"els-participants-del-consorci-del-projecte-innovador-hybritec-entre-ells-la-fundacio-ods-accio-reben-el-prestigios-segell-step-concedit-per-la-comissio-europea","status":"publish","type":"page","link":"https:\/\/fundacionodsaccio.org\/ca\/activitats\/els-participants-del-consorci-del-projecte-innovador-hybritec-entre-ells-la-fundacio-ods-accio-reben-el-prestigios-segell-step-concedit-per-la-comissio-europea\/","title":{"rendered":"Els participants del consorci del projecte innovador Hybritec, entre ells, la Fundaci\u00f3 ODS ACCI\u00d3, reben el prestigi\u00f3s Segell STEP concedit per la Comissi\u00f3 Europea"},"content":{"rendered":"\t\t<div data-elementor-type=\"wp-page\" data-elementor-id=\"6981\" class=\"elementor elementor-6981 elementor-5364\" data-elementor-post-type=\"page\">\n\t\t\t\t<div class=\"elementor-element elementor-element-662b424 animated-slow e-flex e-con-boxed elementor-invisible e-con e-parent\" data-id=\"662b424\" data-element_type=\"container\" data-e-type=\"container\" data-settings=\"{&quot;background_background&quot;:&quot;gradient&quot;,&quot;animation&quot;:&quot;fadeIn&quot;}\">\n\t\t\t\t\t<div class=\"e-con-inner\">\n\t\t\t\t<div class=\"elementor-element elementor-element-44b9a0e elementor-widget elementor-widget-heading\" data-id=\"44b9a0e\" data-element_type=\"widget\" data-e-type=\"widget\" data-widget_type=\"heading.default\">\n\t\t\t\t<div class=\"elementor-widget-container\">\n\t\t\t\t\t<h3 class=\"elementor-heading-title elementor-size-default\">QUART TRIM 2025<\/h3>\t\t\t\t<\/div>\n\t\t\t\t<\/div>\n\t\t\t\t<div class=\"elementor-element elementor-element-0b3d4c5 elementor-widget elementor-widget-heading\" data-id=\"0b3d4c5\" data-element_type=\"widget\" data-e-type=\"widget\" data-widget_type=\"heading.default\">\n\t\t\t\t<div class=\"elementor-widget-container\">\n\t\t\t\t\t<h1 class=\"elementor-heading-title elementor-size-default\">Els participants del consorci del projecte innovador Hybritec, entre ells, la Fundaci\u00f3 ODS ACCI\u00d3, reben el prestigi\u00f3s Segell STEP concedit per la Comissi\u00f3 Europea<\/h1>\t\t\t\t<\/div>\n\t\t\t\t<\/div>\n\t\t\t\t\t<\/div>\n\t\t\t\t<\/div>\n\t\t<div class=\"elementor-element elementor-element-8954562 animated-slow e-flex e-con-boxed elementor-invisible e-con e-parent\" data-id=\"8954562\" data-element_type=\"container\" data-e-type=\"container\" data-settings=\"{&quot;animation&quot;:&quot;fadeIn&quot;,&quot;animation_delay&quot;:250}\">\n\t\t\t\t\t<div class=\"e-con-inner\">\n\t\t\t\t<div class=\"elementor-element elementor-element-5d9dfa8 elementor-widget elementor-widget-text-editor\" data-id=\"5d9dfa8\" data-element_type=\"widget\" data-e-type=\"widget\" data-widget_type=\"text-editor.default\">\n\t\t\t\t<div class=\"elementor-widget-container\">\n\t\t\t\t\t\t\t\t\t<p>La Comissi\u00f3 Europea ha concedit el prestigi\u00f3s Segell STEP (Strategic Technologies for Europe Platform) al projecte HYBRITEC; una iniciativa tecnol\u00f2gica que ha estat premiada per la seva destacada innovaci\u00f3 centrada en el desenvolupament de sistemes h\u00edbrids de pila de combustible per a comunitats d&#8217;energies renovables.<\/p>\t\t\t\t\t\t\t\t<\/div>\n\t\t\t\t<\/div>\n\t\t\t\t<div class=\"elementor-element elementor-element-3e6ff9d elementor-widget elementor-widget-text-editor\" data-id=\"3e6ff9d\" data-element_type=\"widget\" data-e-type=\"widget\" data-widget_type=\"text-editor.default\">\n\t\t\t\t<div class=\"elementor-widget-container\">\n\t\t\t\t\t\t\t\t\t<p>El Segell STEP \u00e9s una etiqueta d&#8217;alta qualitat atorgada per la Comissi\u00f3 Europea que facilita l&#8217;acc\u00e9s a oportunitats de finan\u00e7ament en el marc d&#8217;altres programes de la Uni\u00f3 Europea coberts per la plataforma STEP. Aquest reconeixement s&#8217;atorga \u00fanicament a propostes de projectes d&#8217;avantguarda que han estat reconegudes en un proc\u00e9s d&#8217;avaluaci\u00f3 altament competitiu per un panell internacional d&#8217;experts independents. <\/p><p>El projecte HYBRITEC, en el qual la Fundaci\u00f3 ODS ACCI\u00d3 participa com a soci, aborda la necessitat de solucions energ\u00e8tiques flexibles, eficients i resilients amb zero emissions de carboni dins de les Comunitats d&#8217;Energies Renovables (RECs). La proposta es focalitza en la demostraci\u00f3 de la tecnologia de pila de combustible d&#8217;\u00f2xid s\u00f2lid h\u00edbrida (SOFC) combinada amb sistemes de pila de combustible de membrana d&#8217;intercanvi de protons (PEMFC) per a c\u00e0rregues pico i serveis de xarxa. <\/p><p>Aquesta distingida proposta tecnol\u00f2gica integra sistem\u00e0ticament una pila de combustible SOFC d&#8217;alta efici\u00e8ncia d&#8217;aproximadament 50 kWe amb una pila de combustible PEMFC de resposta r\u00e0pida de 60 kWe per a c\u00e0rregues pico i serveis de xarxa, alimentades completament per hidrogen verd tra\u00e7able. El sistema incorpora una plataforma digital bessona avan\u00e7ada que proporciona un entorn virtual detallat per a simulaci\u00f3 precisa, an\u00e0lisi operacional i proves virtuals d&#8217;estrat\u00e8gies de control. <\/p><p>L&#8217;obtenci\u00f3 del Segell STEP representa una fita significativa per a la Fundaci\u00f3 ODS ACCI\u00d3, ja que valguda la qualitat i rellev\u00e0ncia estrat\u00e8gica del projecte HYBRITEC en el context de les tecnologies estrat\u00e8giques europees. Aquest reconeixement refor\u00e7a el comprom\u00eds de la fundaci\u00f3 amb la innovaci\u00f3 tecnol\u00f2gica avan\u00e7ada i la seva contribuci\u00f3 a la transici\u00f3 energ\u00e8tica europea cap a un futur m\u00e9s sostenible. <\/p><p>El projecte HYBRITEC contribueix als objectius de l&#8217;Agenda 2030 i del Pacte Verd Europeu, enfortint la competitivitat europea en la transici\u00f3 cap al desenvolupament de comunitats energ\u00e8tiques m\u00e9s resilients, i, en concret, al ODS 7, un repte que persegueix reduir l&#8217;impacte global garantint l&#8217;acc\u00e9s universal a una energia neta gr\u00e0cies a una tecnologia de progr\u00e9s a la recerca d&#8217;una neutralitat clim\u00e0tica europea lliure d&#8217;emissions.<\/p>\t\t\t\t\t\t\t\t<\/div>\n\t\t\t\t<\/div>\n\t\t\t\t<div class=\"elementor-element elementor-element-a8e6759 elementor-widget-mobile__width-inherit elementor-widget__width-inherit elementor-widget elementor-widget-image\" data-id=\"a8e6759\" data-element_type=\"widget\" data-e-type=\"widget\" data-widget_type=\"image.default\">\n\t\t\t\t<div class=\"elementor-widget-container\">\n\t\t\t\t\t\t\t\t\t\t\t\t\t\t\t<img fetchpriority=\"high\" decoding=\"async\" width=\"2500\" height=\"1161\" src=\"https:\/\/fundacionodsaccio.org\/wp-content\/uploads\/2025\/10\/actividad9-imagen.png\" class=\"attachment-full size-full wp-image-6982\" alt=\"\" srcset=\"https:\/\/fundacionodsaccio.org\/wp-content\/uploads\/2025\/10\/actividad9-imagen.png 2500w, https:\/\/fundacionodsaccio.org\/wp-content\/uploads\/2025\/10\/actividad9-imagen-300x139.png 300w, https:\/\/fundacionodsaccio.org\/wp-content\/uploads\/2025\/10\/actividad9-imagen-1024x476.png 1024w, https:\/\/fundacionodsaccio.org\/wp-content\/uploads\/2025\/10\/actividad9-imagen-768x357.png 768w, https:\/\/fundacionodsaccio.org\/wp-content\/uploads\/2025\/10\/actividad9-imagen-1536x713.png 1536w, https:\/\/fundacionodsaccio.org\/wp-content\/uploads\/2025\/10\/actividad9-imagen-2048x951.png 2048w\" sizes=\"(max-width: 2500px) 100vw, 2500px\" \/>\t\t\t\t\t\t\t\t\t\t\t\t\t\t\t<\/div>\n\t\t\t\t<\/div>\n\t\t\t\t<div class=\"elementor-element elementor-element-f4ed7ac elementor-widget__width-inherit elementor-widget elementor-widget-heading\" data-id=\"f4ed7ac\" data-element_type=\"widget\" data-e-type=\"widget\" data-widget_type=\"heading.default\">\n\t\t\t\t<div class=\"elementor-widget-container\">\n\t\t\t\t\t<h3 class=\"elementor-heading-title elementor-size-default\">Aquesta activitat contribueix a la consecuci\u00f3 del seg\u00fcents ODS:<\/h3>\t\t\t\t<\/div>\n\t\t\t\t<\/div>\n\t\t\t\t\t<\/div>\n\t\t\t\t<\/div>\n\t\t<div class=\"elementor-element elementor-element-9471fe0 e-flex e-con-boxed e-con e-child\" data-id=\"9471fe0\" data-element_type=\"container\" data-e-type=\"container\">\n\t\t\t\t\t<div class=\"e-con-inner\">\n\t\t\t\t<div class=\"elementor-element elementor-element-de63c85 elementor-widget elementor-widget-image\" data-id=\"de63c85\" data-element_type=\"widget\" data-e-type=\"widget\" data-widget_type=\"image.default\">\n\t\t\t\t<div class=\"elementor-widget-container\">\n\t\t\t\t\t\t\t\t\t\t\t\t\t\t\t<img decoding=\"async\" width=\"466\" height=\"466\" src=\"https:\/\/fundacionodsaccio.org\/wp-content\/uploads\/2023\/12\/S_SDG_Icons-01-07.jpg\" class=\"attachment-full size-full wp-image-386\" alt=\"\" srcset=\"https:\/\/fundacionodsaccio.org\/wp-content\/uploads\/2023\/12\/S_SDG_Icons-01-07.jpg 466w, https:\/\/fundacionodsaccio.org\/wp-content\/uploads\/2023\/12\/S_SDG_Icons-01-07-300x300.jpg 300w, https:\/\/fundacionodsaccio.org\/wp-content\/uploads\/2023\/12\/S_SDG_Icons-01-07-150x150.jpg 150w\" sizes=\"(max-width: 466px) 100vw, 466px\" \/>\t\t\t\t\t\t\t\t\t\t\t\t\t\t\t<\/div>\n\t\t\t\t<\/div>\n\t\t\t\t\t<\/div>\n\t\t\t\t<\/div>\n\t\t<div class=\"elementor-element elementor-element-7ef6211 e-flex e-con-boxed e-con e-parent\" data-id=\"7ef6211\" data-element_type=\"container\" data-e-type=\"container\">\n\t\t\t\t\t<div class=\"e-con-inner\">\n\t\t\t\t<div class=\"elementor-element elementor-element-524b754 elementor-align-center elementor-widget elementor-widget-button\" data-id=\"524b754\" data-element_type=\"widget\" data-e-type=\"widget\" data-widget_type=\"button.default\">\n\t\t\t\t<div class=\"elementor-widget-container\">\n\t\t\t\t\t\t\t\t\t<div class=\"elementor-button-wrapper\">\n\t\t\t\t\t<a class=\"elementor-button elementor-button-link elementor-size-sm\" href=\"https:\/\/fundacionodsaccio.org\/ca\/activitats\/\">\n\t\t\t\t\t\t<span class=\"elementor-button-content-wrapper\">\n\t\t\t\t\t\t<span class=\"elementor-button-icon\">\n\t\t\t\t<svg aria-hidden=\"true\" class=\"e-font-icon-svg e-fas-long-arrow-alt-right\" viewBox=\"0 0 448 512\" xmlns=\"http:\/\/www.w3.org\/2000\/svg\"><path d=\"M313.941 216H12c-6.627 0-12 5.373-12 12v56c0 6.627 5.373 12 12 12h301.941v46.059c0 21.382 25.851 32.09 40.971 16.971l86.059-86.059c9.373-9.373 9.373-24.569 0-33.941l-86.059-86.059c-15.119-15.119-40.971-4.411-40.971 16.971V216z\"><\/path><\/svg>\t\t\t<\/span>\n\t\t\t\t\t\t\t\t\t<span class=\"elementor-button-text\">Tornar a <b>Activitats<\/b><\/span>\n\t\t\t\t\t<\/span>\n\t\t\t\t\t<\/a>\n\t\t\t\t<\/div>\n\t\t\t\t\t\t\t\t<\/div>\n\t\t\t\t<\/div>\n\t\t\t\t\t<\/div>\n\t\t\t\t<\/div>\n\t\t\t\t<\/div>\n\t\t","protected":false},"excerpt":{"rendered":"<p>QUART TRIM 2025 La Comissi\u00f3 Europea ha concedit el prestigi\u00f3s Segell STEP (Strategic Technologies for Europe Platform) al projecte HYBRITEC; una iniciativa tecnol\u00f2gica que ha estat premiada per la seva destacada innovaci\u00f3 centrada en el desenvolupament de sistemes h\u00edbrids de pila de combustible per a comunitats d&#8217;energies renovables. El Segell STEP \u00e9s una etiqueta d&#8217;alta [&hellip;]<\/p>\n","protected":false},"author":1,"featured_media":0,"parent":7003,"menu_order":0,"comment_status":"closed","ping_status":"closed","template":"","meta":{"_acf_changed":false,"footnotes":""},"class_list":["post-6981","page","type-page","status-publish","hentry"],"acf":[],"_links":{"self":[{"href":"https:\/\/fundacionodsaccio.org\/ca\/wp-json\/wp\/v2\/pages\/6981","targetHints":{"allow":["GET"]}}],"collection":[{"href":"https:\/\/fundacionodsaccio.org\/ca\/wp-json\/wp\/v2\/pages"}],"about":[{"href":"https:\/\/fundacionodsaccio.org\/ca\/wp-json\/wp\/v2\/types\/page"}],"author":[{"embeddable":true,"href":"https:\/\/fundacionodsaccio.org\/ca\/wp-json\/wp\/v2\/users\/1"}],"replies":[{"embeddable":true,"href":"https:\/\/fundacionodsaccio.org\/ca\/wp-json\/wp\/v2\/comments?post=6981"}],"version-history":[{"count":2,"href":"https:\/\/fundacionodsaccio.org\/ca\/wp-json\/wp\/v2\/pages\/6981\/revisions"}],"predecessor-version":[{"id":7013,"href":"https:\/\/fundacionodsaccio.org\/ca\/wp-json\/wp\/v2\/pages\/6981\/revisions\/7013"}],"up":[{"embeddable":true,"href":"https:\/\/fundacionodsaccio.org\/ca\/wp-json\/wp\/v2\/pages\/7003"}],"wp:attachment":[{"href":"https:\/\/fundacionodsaccio.org\/ca\/wp-json\/wp\/v2\/media?parent=6981"}],"curies":[{"name":"wp","href":"https:\/\/api.w.org\/{rel}","templated":true}]}}

Els participants del consorci del projecte innovador Hybritec, entre ells, la Fundació ODS ACCIÓ, reben el prestigiós Segell STEP concedit per la Comissió Europea

<div data-elementor-type="wp-page" data-elementor-id="6981" class="elementor elementor-6981 elementor-5364" data-elementor-post-type="page">
				<div class="elementor-element elementor-element-662b424 animated-slow e-flex e-con-boxed elementor-invisible e-con e-parent" data-id="662b424" data-element_type="container" data-e-type="container" data-settings="{&quot;background_background&quot;:&quot;gradient&quot;,&quot;animation&quot;:&quot;fadeIn&quot;}">
					<div class="e-con-inner">
				<div class="elementor-element elementor-element-44b9a0e elementor-widget elementor-widget-heading" data-id="44b9a0e" data-element_type="widget" data-e-type="widget" data-widget_type="heading.default">
				<div class="elementor-widget-container">
					<h3 class="elementor-heading-title elementor-size-default">QUART TRIM 2025</h3>				</div>
				</div>
				<div class="elementor-element elementor-element-0b3d4c5 elementor-widget elementor-widget-heading" data-id="0b3d4c5" data-element_type="widget" data-e-type="widget" data-widget_type="heading.default">
				<div class="elementor-widget-container">
					<h1 class="elementor-heading-title elementor-size-default">Els participants del consorci del projecte innovador Hybritec, entre ells, la Fundació ODS ACCIÓ, reben el prestigiós Segell STEP concedit per la Comissió Europea</h1>				</div>
				</div>
					</div>
				</div>
		<div class="elementor-element elementor-element-8954562 animated-slow e-flex e-con-boxed elementor-invisible e-con e-parent" data-id="8954562" data-element_type="container" data-e-type="container" data-settings="{&quot;animation&quot;:&quot;fadeIn&quot;,&quot;animation_delay&quot;:250}">
					<div class="e-con-inner">
				<div class="elementor-element elementor-element-5d9dfa8 elementor-widget elementor-widget-text-editor" data-id="5d9dfa8" data-element_type="widget" data-e-type="widget" data-widget_type="text-editor.default">
				<div class="elementor-widget-container">
									<p>La Comissió Europea ha concedit el prestigiós Segell STEP (Strategic Technologies for Europe Platform) al projecte HYBRITEC; una iniciativa tecnològica que ha estat premiada per la seva destacada innovació centrada en el desenvolupament de sistemes híbrids de pila de combustible per a comunitats d&#8217;energies renovables.</p>								</div>
				</div>
				<div class="elementor-element elementor-element-3e6ff9d elementor-widget elementor-widget-text-editor" data-id="3e6ff9d" data-element_type="widget" data-e-type="widget" data-widget_type="text-editor.default">
				<div class="elementor-widget-container">
									<p>El Segell STEP és una etiqueta d&#8217;alta qualitat atorgada per la Comissió Europea que facilita l&#8217;accés a oportunitats de finançament en el marc d&#8217;altres programes de la Unió Europea coberts per la plataforma STEP. Aquest reconeixement s&#8217;atorga únicament a propostes de projectes d&#8217;avantguarda que han estat reconegudes en un procés d&#8217;avaluació altament competitiu per un panell internacional d&#8217;experts independents. </p><p>El projecte HYBRITEC, en el qual la Fundació ODS ACCIÓ participa com a soci, aborda la necessitat de solucions energètiques flexibles, eficients i resilients amb zero emissions de carboni dins de les Comunitats d&#8217;Energies Renovables (RECs). La proposta es focalitza en la demostració de la tecnologia de pila de combustible d&#8217;òxid sòlid híbrida (SOFC) combinada amb sistemes de pila de combustible de membrana d&#8217;intercanvi de protons (PEMFC) per a càrregues pico i serveis de xarxa. </p><p>Aquesta distingida proposta tecnològica integra sistemàticament una pila de combustible SOFC d&#8217;alta eficiència d&#8217;aproximadament 50 kWe amb una pila de combustible PEMFC de resposta ràpida de 60 kWe per a càrregues pico i serveis de xarxa, alimentades completament per hidrogen verd traçable. El sistema incorpora una plataforma digital bessona avançada que proporciona un entorn virtual detallat per a simulació precisa, anàlisi operacional i proves virtuals d&#8217;estratègies de control. </p><p>L&#8217;obtenció del Segell STEP representa una fita significativa per a la Fundació ODS ACCIÓ, ja que valguda la qualitat i rellevància estratègica del projecte HYBRITEC en el context de les tecnologies estratègiques europees. Aquest reconeixement reforça el compromís de la fundació amb la innovació tecnològica avançada i la seva contribució a la transició energètica europea cap a un futur més sostenible. </p><p>El projecte HYBRITEC contribueix als objectius de l&#8217;Agenda 2030 i del Pacte Verd Europeu, enfortint la competitivitat europea en la transició cap al desenvolupament de comunitats energètiques més resilients, i, en concret, al ODS 7, un repte que persegueix reduir l&#8217;impacte global garantint l&#8217;accés universal a una energia neta gràcies a una tecnologia de progrés a la recerca d&#8217;una neutralitat climàtica europea lliure d&#8217;emissions.</p>								</div>
				</div>
				<div class="elementor-element elementor-element-a8e6759 elementor-widget-mobile__width-inherit elementor-widget__width-inherit elementor-widget elementor-widget-image" data-id="a8e6759" data-element_type="widget" data-e-type="widget" data-widget_type="image.default">
				<div class="elementor-widget-container">
															<img fetchpriority="high" decoding="async" width="2500" height="1161" src="https://fundacionodsaccio.org/wp-content/uploads/2025/10/actividad9-imagen.png" class="attachment-full size-full wp-image-6982" alt="" srcset="https://fundacionodsaccio.org/wp-content/uploads/2025/10/actividad9-imagen.png 2500w, https://fundacionodsaccio.org/wp-content/uploads/2025/10/actividad9-imagen-300x139.png 300w, https://fundacionodsaccio.org/wp-content/uploads/2025/10/actividad9-imagen-1024x476.png 1024w, https://fundacionodsaccio.org/wp-content/uploads/2025/10/actividad9-imagen-768x357.png 768w, https://fundacionodsaccio.org/wp-content/uploads/2025/10/actividad9-imagen-1536x713.png 1536w, https://fundacionodsaccio.org/wp-content/uploads/2025/10/actividad9-imagen-2048x951.png 2048w" sizes="(max-width: 2500px) 100vw, 2500px" />															</div>
				</div>
				<div class="elementor-element elementor-element-f4ed7ac elementor-widget__width-inherit elementor-widget elementor-widget-heading" data-id="f4ed7ac" data-element_type="widget" data-e-type="widget" data-widget_type="heading.default">
				<div class="elementor-widget-container">
					<h3 class="elementor-heading-title elementor-size-default">Aquesta activitat contribueix a la consecució del següents ODS:</h3>				</div>
				</div>
					</div>
				</div>
		<div class="elementor-element elementor-element-9471fe0 e-flex e-con-boxed e-con e-child" data-id="9471fe0" data-element_type="container" data-e-type="container">
					<div class="e-con-inner">
				<div class="elementor-element elementor-element-de63c85 elementor-widget elementor-widget-image" data-id="de63c85" data-element_type="widget" data-e-type="widget" data-widget_type="image.default">
				<div class="elementor-widget-container">
															<img decoding="async" width="466" height="466" src="https://fundacionodsaccio.org/wp-content/uploads/2023/12/S_SDG_Icons-01-07.jpg" class="attachment-full size-full wp-image-386" alt="" srcset="https://fundacionodsaccio.org/wp-content/uploads/2023/12/S_SDG_Icons-01-07.jpg 466w, https://fundacionodsaccio.org/wp-content/uploads/2023/12/S_SDG_Icons-01-07-300x300.jpg 300w, https://fundacionodsaccio.org/wp-content/uploads/2023/12/S_SDG_Icons-01-07-150x150.jpg 150w" sizes="(max-width: 466px) 100vw, 466px" />															</div>
				</div>
					</div>
				</div>
		<div class="elementor-element elementor-element-7ef6211 e-flex e-con-boxed e-con e-parent" data-id="7ef6211" data-element_type="container" data-e-type="container">
					<div class="e-con-inner">
				<div class="elementor-element elementor-element-524b754 elementor-align-center elementor-widget elementor-widget-button" data-id="524b754" data-element_type="widget" data-e-type="widget" data-widget_type="button.default">
				<div class="elementor-widget-container">
									<div class="elementor-button-wrapper">
					<a class="elementor-button elementor-button-link elementor-size-sm" href="https://fundacionodsaccio.org/ca/activitats/">
						<span class="elementor-button-content-wrapper">
						<span class="elementor-button-icon">
				<svg aria-hidden="true" class="e-font-icon-svg e-fas-long-arrow-alt-right" viewBox="0 0 448 512" xmlns="http://www.w3.org/2000/svg"><path d="M313.941 216H12c-6.627 0-12 5.373-12 12v56c0 6.627 5.373 12 12 12h301.941v46.059c0 21.382 25.851 32.09 40.971 16.971l86.059-86.059c9.373-9.373 9.373-24.569 0-33.941l-86.059-86.059c-15.119-15.119-40.971-4.411-40.971 16.971V216z"></path></svg>			</span>
									<span class="elementor-button-text">Tornar a <b>Activitats</b></span>
					</span>
					</a>
				</div>
								</div>
				</div>
					</div>
				</div>
				</div>

<p>QUART TRIM 2025 La Comissió Europea ha concedit el prestigiós Segell STEP (Strategic Technologies for Europe Platform) al projecte HYBRITEC; una iniciativa tecnològica que ha estat premiada per la seva destacada innovació centrada en el desenvolupament de sistemes híbrids de pila de combustible per a comunitats d&#8217;energies renovables. El Segell STEP és una etiqueta d&#8217;alta [&hellip;]</p>
